r when 927 is divided by 16?
15
Calculate the remainder when 75 is divided by 29.
17
What is the remainder when 5457 is divided by 21?
18
What is the remainder when 460 is divided by 77?
75
What is the remainder when 1392 is divided by 456?
24
Calculate the remainder when 682 is divided by 4.
2
Calculate the remainder when 133 is divided by 9.
7
What is the remainder when 347 is divided by 83?
15
Calculate the remainder when 311 is divided by 65.
51
What is the remainder when 2035 is divided by 97?
95
What is the remainder when 1992 is divided by 24?
0
What is the remainder when 909 is divided by 131?
123
What is the remainder when 137 is divided by 31?
13
Calculate the remainder when 417 is divided by 12.
9
What is the remainder when 100 is divided by 24?
4
What is the remainder when 13 is divided by 2?
1
Calculate the remainder when 540 is divided by 68.
64
Calculate the remainder when 148 is divided by 9.
4
Calculate the remainder when 33860 is divided by 17.
13
Calculate the remainder when 1008 is divided by 32.
16
Calculate the remainder when 1406 is divided by 10.
6
What is the remainder when 172 is divided by 161?
11
Calculate the remainder when 25 is divided by 15.
10
What is the remainder when 404 is divided by 110?
74
What is the remainder when 185 is divided by 27?
23
What is the remainder when 23006 is divided by 8?
6
Calculate the remainder when 80 is divided by 71.
9
What is the remainder when 134 is divided by 45?
44
What is the remainder when 31 is divided by 10?
1
What is the remainder when 484 is divided by 115?
24
Calculate the remainder when 2302 is divided by 458.
12
What is the remainder when 98 is divided by 22?
10
What is the remainder when 327 is divided by 273?
54
What is the remainder when 1871 is divided by 466?
7
Calculate the remainder when 192 is divided by 4.
0
What is the remainder when 302 is divided by 77?
71
Calculate the remainder when 1075 is divided by 33.
19
What is the remainder when 228 is divided by 72?
12
What is the remainder when 13462 is divided by 28?
22
Calculate the remainder when 4696 is divided by 54.
52
What is the remainder when 3902 is divided by 73?
33
Calculate the remainder when 68 is divided by 40.
28
Calculate the remainder when 7507 is divided by 10.
7
Calculate the remainder when 573 is divided by 18.
15
Calculate the remainder when 1095 is divided by 76.
31
What is the remainder when 359 is divided by 65?
34
What is the remainder when 339 is divided by 49?
45
Calculate the remainder when 34 is divided by 3.
1
Calculate the remainder when 98 is divided by 50.
48
What is the remainder when 1021 is divided by 60?
1
What is the remainder when 2367 is divided by 775?
42
Calculate the remainder when 65 is divided by 37.
28
Calculate the remainder when 8475 is divided by 29.
7
What is the remainder when 722 is divided by 121?
117
What is the remainder when 5949 is divided by 64?
61
What is the remainder when 3300 is divided by 127?
125
What is the remainder when 173 is divided by 30?
23
What is the remainder when 368 is divided by 117?
17
What is the remainder when 197 is divided by 58?
23
Calculate the remainder when 11 is divided by 4.
3
What is the remainder when 555 is divided by 208?
139
Calculate the remainder when 5457 is divided by 195.
192
Calculate the remainder when 1298 is divided by 427.
17
What is the remainder when 888 is divided by 294?
6
What is the remainder when 770 is divided by 97?
91
What is the remainder when 815 is divided by 51?
50
Calculate the remainder when 99 is divided by 78.
21
What is the remainder when 18295 is divided by 300?
295
What is the remainder when 133 is divided by 4?
1
What is the remainder when 1773 is divided by 71?
69
What is the remainder when 609 is divided by 51?
48
What is the remainder when 257 is divided by 21?
5
Calculate the remainder when 52 is divided by 35.
17
Calculate the remainder when 548 is divided by 138.
134
What is the remainder when 490 is divided by 102?
82
What is the remainder when 2046 is divided by 480?
126
Calculate the remainder when 113 is divided by 12.
5
Calculate the remainder when 23118 is divided by 40.
38
Calculate the remainder when 351 is divided by 23.
6
Calculate the remainder when 101 is divided by 19.
6
Calculate the remainder when 32 is divided by 8.
0
What is the remainder when 1359 is divided by 47?
43
What is the remainder when 1916 is divided by 60?
56
What is the remainder when 1044 is divided by 43?
12
Calculate the remainder when 1225 is divided by 340.
205
What is the remainder when 6279 is divided by 11?
9
What is the remainder when 104 is divided by 33?
5
What is the remainder when 67 is divided by 54?
13
What is the remainder when 1739 is divided by 70?
59
What is the remainder when 93 is divided by 77?
16
What is the remainder when 79 is divided by 58?
21
Calculate the remainder when 388 is divided by 78.
76
What is the remainder when 347 is divided by 6?
5
What is the remainder when 268 is divided by 54?
52
What is the remainder when 45 is divided by 13?
6
What is the remainder when 766 is divided by 241?
43
Calculate the remainder when 110 is divided by 31.
17
Calculate the remainder when 811 is divided by 116.
115
Calculate the remainder when 351 is divided by 91.
78
What is the remainder when 605 is divided by 34?
27
What is the remainder when 136 is divided by 46?
44
Calculate the remainder when 117 is divided by 62.
55
What is the remainder when 2480 is divided by 10?
0
Calculate the remainder when 638 is divided by 40.
38
Calculate the remainder when 552 is divided by 111.
108
Calculate the remainder when 16678 is divided by 40.
38
What is the remainder when 196 is divided by 18?
16
Calculate the remainder when 190 is divided by 8.
6
What is the remainder when 420 is divided by 113?
81
Calculate the remainder when 577 is divided by 84.
73
Calculate the remainder when 385 is divided by 133.
119
What is the remainder when 921 is divided by 153?
3
Calculate the remainder when 10832 is divided by 7.
3
Calculate the remainder when 574 is divided by 16.
14
What is the remainder when 565 is divided by 44?
37
What is the remainder when 1578 is divided by 17?
14
Calculate the remainder when 10255 is divided by 26.
11
Calculate the remainder when 2110 is divided by 32.
30
What is the remainder when 276 is divided by 166?
110
Calculate the remainder when 4986 is divided by 1660.
6
What is the remainder when 27639 is divided by 131?
129
Calculate the remainder when 1166 is divided by 247.
178
What is the remainder when 105 is divided by 34?
3
Calculate the remainder when 29 is divided by 16.
13
What is the remainder when 781 is divided by 132?
121
What is the remainder when 3903 is divided by 61?
60
What is the remainder when 951 is divided by 200?
151
Calculate the remainder when 359 is divided by 40.
39
What is the remainder when 4522 is divided by 15?
7
What is the remainder when 266 is divided by 54?
50
What is the remainder when 636 is divided by 5?
1
What is the remainder when 1205 is divided by 9?
8
What is the remainder when 49156 is divided by 11?
8
Calculate the remainder when 5511 is divided by 212.
211
Calculate the remainder when 19 is divided by 11.
8
What is the remainder when 1819 is divided by 2?
1
Calculate the remainder when 73 is divided by 36.
1
Calculate the remainder when 327 is divided by 103.
18
Calculate the remainder when 1258 is divided by 14.
12
Calculate the remainder when 663 is divided by 116.
83
Calculate the remainder when 245 is divided by 33.
14
Calculate the remainder when 187 is divided by 19.
16
Calculate the remainder when 738 is divided by 37.
35
What is the remainder when 451 is divided by 218?
15
Calculate the remainder when 4938 is divided by 353.
349
What is the remainder when 1798 is divided by 20?
18
What is the remainder when 154 is divided by 11?
0
What is the remainder when 754 is divided by 28?
26
What is the remainder when 457 is divided by 11?
6
What is the remainder when 233 is divided by 26?
25
Calculate the remainder when 93 is divided by 38.
17
What is the remainder when 577 is divided by 567?
10
Calculate the remainder when 365 is divided by 67.
30
Calculate the remainder when 63 is divided by 36.
27
Calculate the remainder when 582 